 of (109 - (49 - -24)) + (-17 - -2) - 131?
-110
Evaluate -3 - (-41 + 4) - (-13 - (-6 - 16) - 1).
26
What is 9 - (8 + (26 - 52) - -29)?
-2
Evaluate -28 + 107 + 19 + -35.
63
Evaluate -539 + 674 - (8 + 30).
97
What is (2 - 1) + 48 + (76 - (-311 + 380))?
56
0 + 18 - (43 - 117 - -136)
-44
What is the value of (7 - 44) + 3 + (-141 - -124)?
-51
What is -16 + (-64 - -75) - -30?
25
-48 + (151 - 100) - 35
-32
What is (-51 - -13) + (99 - 68)?
-7
What is the value of -51 - (-11 + (9 + 0 - (171 + -186)))?
-64
-13 - (-7 - (-6 - -1)) - (7 - -1)
-19
What is 3 + 29 - ((5 - -34 - 40) + 0 + -1)?
34
What is the value of -3 + -71 - (7 - (-7 - (4 - 7)))?
-85
What is 1 - -34 - (2578 + -2447)?
-96
115 + -28 + (-86 - -53)
54
Calculate 10 + -38 + 22 + (-33 - 4 - -2) - 3.
-44
Calculate -3 + 31 + -26 + -131 + 195.
66
Calculate 9 - ((17 - 2) + -87 + 77) - 9.
-5
What is -2 - -29 - (-13 + (-140 - -98))?
82
Calculate -2 + (26 - 18 - ((-7 - 38) + 2 - 5)).
54
Evaluate -6 + 1 - (88 - 194 - -90).
11
16 + -8 + 6 + (15 - (-18 + 9))
38
-6 - (-5 + (-16 - ((11 - 24) + 11) - -5))
8
Calculate 18 + 0 + -69 + 10 - (-2 - -6).
-45
What is 48 + (-38 - -15) + -9 + 33?
49
What is the value of 58 + -174 + 115 + 42?
41
What is the value of -29 - (6 - (-23 + 13 - 8))?
-53
What is the value of -63 + (-1 - 0) - (32 - (52 - (-17 + 25)))?
-52
Evaluate 31 - (3 + (10 - 14) + 17).
15
What is (68 - 102 - -31 - (0 + 14)) + -71?
-88
What is the value of -43 + -2 + (19 - -107) + -154?
-73
What is the value of (0 + 39 - 63) + 76?
52
What is 14 - (26 + -24) - (-36 + 93)?
-45
-29 - (87 + 19 + -70)
-65
Evaluate 2 + 8 + (-30 - 13 - -24) + 2.
-7
What is the value of 144 + -24 + -46 - 46?
28
What is 5 + 14 + -64 - -31?
-14
Evaluate -3 + -1 + (34 - ((72 - 38) + -39)).
35
What is the value of 162 - 224 - (-8 - -4)?
-58
Evaluate 9 + 1 + (0 - (-2 - -2) - -16) + 7.
33
(-1 - -17) + -30 + 11 + 54
51
Evaluate (-16 - (-7 + -92)) + -27 - (2 - 8).
62
-70 - (-64 + 105 + -111)
0
86 + -129 + -72 + 151
36
Calculate -9 + (-5 - 2) + 1 + (130 - (18 + -21)).
118
What is the value of -1 - ((0 - 0) + -102 + 108)?
-7
1 + (-24 - (-16 - 90))
83
-127 - -108 - (-39 + 3) - (-46 - 6)
69
What is 6 + -3 + (16 + -9 - 14) - -1 - -51?
48
What is the value of (-6 - 6 - -1) + (99 - 97 - (-3 - -12))?
-18
Evaluate (-22 - -95 - 48) + -52.
-27
-126 + (50 - -28) + -23
-71
(114 - 6) + -34 + (-8 - 10) + 35
91
What is the value of -1596 + 1587 + (0 - -9)?
0
What is -33 + 40 + (-24 - (-1 - 6))?
-10
-15 + 16 + 13 + -16 + 11
9
Calculate (1 - -1 - (21 - 10)) + (40 - -20).
51
What is (2 - (4 + 2)) + 41 + 18 + -38?
17
Calculate -12 - (-21 - (50 + -21)).
38
Calculate 64 + 11 + 27 + -71.
31
What is (-1593 - -1616 - (1 + -9)) + 35?
66
What is (116 - 167) + (-12 - -156)?
93
Calculate -18 + (-39 + 5 - -19) + 68.
35
What is 66 + 1 - (203 - (96 + 87))?
47
What is -13 - ((-14 + 3 - (-14 + -3 - -13)) + 47)?
-53
Evaluate 8 + (4 - 3) + -8 + (-10 - -4) + 20.
15
What is the value of 1645 - 1694 - (-2 + -58)?
11
Evaluate -18 - (-78 + 1 + -24).
83
Evaluate -26 + 30 - (-6 + ((-1 - -4) + -24 - -6)).
25
(-87 - -175) + -31 - -4
61
-129 + (61 - -20) - -6
-42
Calculate -27 - (128 + (24 - 203)).
24
What is the value of 2007 + -2018 + (6 - 153)?
-158
What is 1151 + -1172 + 28 + -1 + 0?
6
What is -8 + -49 + 51 + -1 + (-68 - 1)?
-76
Calculate -1 + (2 - -12) - (253 + -178 + 17).
-79
Evaluate (-46 - -26 - 41 - -54) + (0 - 105).
-112
Evaluate -10 - (6 + (7 - (-5 + (16 - 20)))).
-32
Evaluate (18 - (156 + (13 - 37))) + 17.
-97
What is (-921 - -942) + (-3 - (0 - -11))?
7
Calculate (-7 - -7) + -14 + -25 + 6 + 9.
-24
Calculate -97 - (-74 + -200 + 83).
94
Evaluate 13 - (-98 + 46 + 20).
45
What is 4 + 1 + 12 + 188 + -174?
31
What is the value of (23 - 17) + (0 - (-3 - -61)) + -5 + 6?
-51
Calculate -24 + (28 - (-14 + 20 + 12)).
-14
Calculate -36 - (17 - -17) - (-3 - -49).
-116
Calculate -161 - (-90 - -34 - -7) - 19.
-131
(2 + -3 - -10) + (-129 - -113) + -5
-12
What is 1 - 0 - (-10 + (23 - 34 - -28) + -41)?
35
Calculate -28 + 34 + (13 + -16 - -13).
16
Evaluate 0 + -9 - (-110 + 136).
-35
-13 + -11 + 17 - (-60 + -1)
54
What is 22 + (-27 - -67 - 65)?
-3
9 - ((2 - (-2 + 40)) + (-910 - -893))
62
Calculate (-84 - (-1 - -1)) + (72 - 76) + 14.
-74
Calculate (-76 + 7 + -2 - -3) + 23.
-45
Calculate (-20 - 0) + 86 + (-62 - -82).
86
Calculate 1 + -7 + -20 + (-46 - (-1 + -81)).
10
(-14 - -17) + 27 - (-13 - 4)
47
What is the value of 78 + -294 + 232 + (3 - -23)?
42
21 - (-19 + -28 + 90)
-22
What is the value of -88 + ((1 - 30) + 24 + -9 - -17) - 3?
-88
Evaluate -16 - (-4 + -9 + -8 + 9 - (150 - 20)).
126
Evaluate 12 - (36 - 45) - (22 + 1).
-2
Evaluate 6 - (28 - 14) - (-7 - (-6 + -13) - -46).
-66
What is the value of -5 - ((11 - (8 - (-3 + -4)) - 65) + 2)?
62
-11 + ((1 - 21) + (-3 - (30 - 24)) - 2)
-42
What is (25 - 0) + (-14 - -49) + (-7 - 14)?
39
Evaluate 3 - (1 + 9 + -25 - 8).
26
Calculate -2 - -5 - (-97 + 205 + -105).
0
What is the value of 114 + -138 + -5 + (-5 - (-15 + 5))?
-24
Calculate (-21 - -22) + -11 + -18.
-28
What is the value of 13 - (-60 - (11 - 110))?
-26
What is the value of -67 - ((0 + 0 - 1) + -116 + 125 + 0)?
-75
What is the value of -10 - ((-14 - -2) + -6) - -6?
14
What is the value of (-23 - (-140 + 46)) + -53?
18
Calculate -30 + (-41 - -85) + -55.
-41
(-11 - -2) + (4286 - 4345)
-68
Calculate (-21 - -11 - (-8 - (18 - 15))) + (-1 - 4).
-4
Calculate -20 - (-4 + (10 - 8) + -5 + (0 - -3)).
-16
What is 1 + 3 + -28 + (-19 - -33 - 9)?
-19
Evaluate 68 - (62 + -22 + -2).
30
Evaluate 7 - (-14 + 0 - (2 - -9 - 13)).
19
Calculate (-72 + 149 - 38) + -72.
-33
What is -10 + (197 - 192) - (0 + 65)?
-70
What is the value of 54 + 34 + (15 - 56) + 42?
89
Evaluate 88 + 213 + -135 - 58.
108
Evaluate -24 + 28 - 2 - (63 - (7 + 2)).
-52
What is 55 - (104 - 62) - (55 - -2)?
-44
-9 + 41 + (26 - 27 - -39)
70
What is -58 + (7934 - 7949 - (1 - (15 + 0)))?
-59
Evaluate (-86 - (14 + -30)) + 26 + -26.
-70
(47 - -36) + -45 + 17 + 11
66
What is -63 + 34 + -62 + 17?
-74
-103 + -43 + (104 - -130)
88
What is the value of -12 + (-22 - -32 - (-1 - 67))?
66
What is 36 + (5 + -9 - -11 - (22 - 10)) + -9?
22
Evaluate 0 + (-17 - -4) + 29 + -22 + 0 + 40.
34
(-26 - -12) + -4 - (5 + -8 + (-15 - -22))
-22
Calculate (-1 - 21) + (119 - -41) + -194.
-56
What is the value of -9 + (5 - -41 - 15) - 18?
4
Evaluate -14 - (0 + (-16 - -9)) - (20 + -47).
20
-88 - (-28 - (-3 - (-12 + 29)))
-80
Evaluate -33 - (374 - 334 - (95 - -3)).
25
Evaluate -90 - (-106 + 73 + -3).
-54
What is the value of -26 + 136 + -98 - 89?
-77
Calculate 7 - (15 + 1 + 30 + -13).
-26
40 + 35 + -10 + -29
36
-8 - (-7 + (-97 + 122 - (-6 + -1)))
-33
What is 146 + -236 - ((-4 - -12 - 7) + (-7 - -1))?
-85
What is the value of (-42 - -43) + (4 - 8 - 2) + -11?
-16
-7 + 7 + -51 + -8 - 33
-92
Calculate -77 + 97 + 7 + 71.
98
Calculate (3 + 0 - (-1 - -43)) + (-59 - -57).
-41
Calculate 7 + (-5 - (-4 - 6)) + -15 + -26 + 1.
-28
What is 21 - ((5 - -5) + -8) - (8 - (4 + 3))?
18
What is 25 - 0 - (70 - 26 - 52)?
33
What is the value of -54 + (4 - 7 - (60 + -47))?
-70
(121 - 110) + -18 + 11
4
26 + -4 + -2 + 3 + -18 - (1 + -61)
65
What is the value of -9 - (66 - (-6 + 13 + 26))?
-42
Calculate (-6 - 0) + 7 - (0 + 27).
-26
Evaluate (0 - 11) + (-12 - (-19 - (20 + 55))).
71
Calculate -38 - (5 + 0) - 4 - (-271 - -269).
-45
What is the value of 21 - (20 - (-21 - (-28 + -19)))?
27
What is 37 - (54 - 84) - (-6 - (-7 - -11))?
77
What is the value of (-51 - 46) + -59 - -69?
-87
-1 + -12 + 1 + (-32 - -73 - 49)
-20
Evaluate -25 - (-33 + -38 + 32 + 39).
-25
-8 - (-2 - -7 - ((9 - -3) + 13 + -10))
2
What is the value of (24 - (-22 - 14)) + (-17 - -4)?
47
What is the value of 42 + -29 + (-10 - 0) + (0 + -2 - -46)?
47
Calculate -60 + (160 - (4 + 53)).
43
Evaluate (10 - -8) + 25 + 10 + -19.
34
Calculate 15 + (8 - (-16 - -13)) + 13.
39
What is the value of 26 + -39 - (103 + -2 + 6) - -6?
-114
Evaluate (18 - 3 - (0 - (63 - 27))) + (-2 - -6).
55
What is 1 + (-16 + 39 - -4) + 23?
51
Calculate -4 - ((-8 - -12) + 33 + 5 + -10 + 5).
-41
What is (-47 - -2) + 21 + 0?
-24
What is -10 + -38 + -1 + 20 + 50 + -59?
-38
What is -4 + 9 - 1 - 1 - 20 - (1265 + -1256)?
-26
What is -53 - (10 - (-4 + 11 - -14))?
-42
What is the value of -59 + (55 - (16 + -2)) - (1 - -23)?
-42
(-2 - (10 + -18 - 0)) + -61 + 16
-39
What is 74 - (18 - -